{"id":16,"date":"2012-02-08T08:36:21","date_gmt":"2012-02-08T08:36:21","guid":{"rendered":"http:\/\/asv-petriheil-bza.de\/wordpress\/?page_id=16"},"modified":"2021-03-17T06:44:13","modified_gmt":"2021-03-17T06:44:13","slug":"gewasser","status":"publish","type":"page","link":"https:\/\/asv-petriheil-bza.de\/?page_id=16","title":{"rendered":"Gew\u00e4sser"},"content":{"rendered":"<h2>Derzeit bewirtschaftet der Verein zwei Gew\u00e4sser:<\/h2>\n<div id=\"attachment_371\" style=\"width: 310px\" class=\"wp-caption aligncenter\"><a href=\"http:\/\/asv-petriheil-bza.de\/wp-content\/uploads\/k-franzosenlache1.jpg\"><img loading=\"lazy\" decoding=\"async\" aria-describedby=\"caption-attachment-371\" class=\"wp-image-371 size-medium\" title=\"k-franzosenlache1\" src=\"http:\/\/asv-petriheil-bza.de\/wp-content\/uploads\/k-franzosenlache1-300x225.jpg\" width=\"300\" height=\"225\" srcset=\"https:\/\/asv-petriheil-bza.de\/wp-content\/uploads\/k-franzosenlache1-300x225.jpg 300w, https:\/\/asv-petriheil-bza.de\/wp-content\/uploads\/k-franzosenlache1.jpg 640w\" sizes=\"auto, (max-width: 300px) 100vw, 300px\" \/><\/a><p id=\"caption-attachment-371\" class=\"wp-caption-text\">Die Franzosenlache<\/p><\/div>\n<p style=\"text-align: justify;\">Der See beherbergt einen gro\u00dfen Wei\u00dffischbestand sowie zahlreiche Karpfen. Aber auch alle anderen Fischarten sind vertreten so das auch ein Ansitz auf Hecht, Zander oder Aal erfolgversprechend sein kann.<\/p>\n<div id=\"attachment_136\" style=\"width: 650px\" class=\"wp-caption aligncenter\"><a href=\"http:\/\/asv-petriheil-bza.de\/wp-content\/uploads\/schweighofen-lauter11.jpg\"><img loading=\"lazy\" decoding=\"async\" aria-describedby=\"caption-attachment-136\" class=\"wp-image-136 size-full\" title=\"schweighofen-lauter1\" src=\"http:\/\/asv-petriheil-bza.de\/wp-content\/uploads\/schweighofen-lauter11.jpg\" width=\"640\" height=\"150\" srcset=\"https:\/\/asv-petriheil-bza.de\/wp-content\/uploads\/schweighofen-lauter11.jpg 640w, https:\/\/asv-petriheil-bza.de\/wp-content\/uploads\/schweighofen-lauter11-300x70.jpg 300w\" sizes=\"auto, (max-width: 640px) 100vw, 640px\" \/><\/a><p id=\"caption-attachment-136\" class=\"wp-caption-text\">Die Lauter<\/p><\/div>\n<p style=\"text-align: justify;\">Der Verein hat im Moment die Flussstrecke von der Bienwaldm\u00fchle bis zur Ziegelh\u00fcttenbr\u00fccke und von der Remiebr\u00fccke (hinter Sportplatz Schweighofen) bis Altenstadt Grenzaun Frankreich gepachtet.\u00a0Zu beachten sind unterschiedliche Schonzeiten der einzelnen\u00a0Abschnitte:<\/p>\n<p>Bienwaldm\u00fchle bis Ziegelh\u00fcttenbr\u00fccke,sowie Remybr\u00fccke bis 400 Meter Stromabw\u00e4rts Fischen ist erlaubt vom 16. Juli bis 14. Oktober.<\/p>\n<p>Altenstadt Grenzzaun bis\u00a0 Remybr\u00fccke, Lauter abw\u00e4rts. Fischen ist erlaubt vom 16. M\u00e4rz bis 14. Oktober<\/p>\n","protected":false},"excerpt":{"rendered":"<p>Derzeit bewirtschaftet der Verein zwei Gew\u00e4sser: Der See beherbergt einen gro\u00dfen Wei\u00dffischbestand sowie zahlreiche Karpfen. Aber auch alle anderen Fischarten sind vertreten so das auch ein Ansitz auf Hecht, Zander oder Aal erfolgversprechend sein kann. Der Verein hat im Moment die Flussstrecke von der Bienwaldm\u00fchle bis zur Ziegelh\u00fcttenbr\u00fccke und von der Remiebr\u00fccke (hinter Sportplatz Schweighofen) [&hellip;]<\/p>\n","protected":false},"author":2,"featured_media":138,"parent":0,"menu_order":0,"comment_status":"closed","ping_status":"closed","template":"","meta":{"footnotes":""},"class_list":["post-16","page","type-page","status-publish","hentry"],"_links":{"self":[{"href":"https:\/\/asv-petriheil-bza.de\/index.php?rest_route=\/wp\/v2\/pages\/16","targetHints":{"allow":["GET"]}}],"collection":[{"href":"https:\/\/asv-petriheil-bza.de\/index.php?rest_route=\/wp\/v2\/pages"}],"about":[{"href":"https:\/\/asv-petriheil-bza.de\/index.php?rest_route=\/wp\/v2\/types\/page"}],"author":[{"embeddable":true,"href":"https:\/\/asv-petriheil-bza.de\/index.php?rest_route=\/wp\/v2\/users\/2"}],"replies":[{"embeddable":true,"href":"https:\/\/asv-petriheil-bza.de\/index.php?rest_route=%2Fwp%2Fv2%2Fcomments&post=16"}],"version-history":[{"count":9,"href":"https:\/\/asv-petriheil-bza.de\/index.php?rest_route=\/wp\/v2\/pages\/16\/revisions"}],"predecessor-version":[{"id":1269,"href":"https:\/\/asv-petriheil-bza.de\/index.php?rest_route=\/wp\/v2\/pages\/16\/revisions\/1269"}],"wp:featuredmedia":[{"embeddable":true,"href":"https:\/\/asv-petriheil-bza.de\/index.php?rest_route=\/wp\/v2\/media\/138"}],"wp:attachment":[{"href":"https:\/\/asv-petriheil-bza.de\/index.php?rest_route=%2Fwp%2Fv2%2Fmedia&parent=16"}],"curies":[{"name":"wp","href":"https:\/\/api.w.org\/{rel}","templated":true}]}}

Gewässer

<h2>Derzeit bewirtschaftet der Verein zwei Gewässer:</h2>
<div id="attachment_371" style="width: 310px" class="wp-caption aligncenter"><a href="http://asv-petriheil-bza.de/wp-content/uploads/k-franzosenlache1.jpg"><img loading="lazy" decoding="async" aria-describedby="caption-attachment-371" class="wp-image-371 size-medium" title="k-franzosenlache1" src="http://asv-petriheil-bza.de/wp-content/uploads/k-franzosenlache1-300x225.jpg" width="300" height="225" srcset="https://asv-petriheil-bza.de/wp-content/uploads/k-franzosenlache1-300x225.jpg 300w, https://asv-petriheil-bza.de/wp-content/uploads/k-franzosenlache1.jpg 640w" sizes="auto, (max-width: 300px) 100vw, 300px" /></a><p id="caption-attachment-371" class="wp-caption-text">Die Franzosenlache</p></div>
<p style="text-align: justify;">Der See beherbergt einen großen Weißfischbestand sowie zahlreiche Karpfen. Aber auch alle anderen Fischarten sind vertreten so das auch ein Ansitz auf Hecht, Zander oder Aal erfolgversprechend sein kann.</p>
<div id="attachment_136" style="width: 650px" class="wp-caption aligncenter"><a href="http://asv-petriheil-bza.de/wp-content/uploads/schweighofen-lauter11.jpg"><img loading="lazy" decoding="async" aria-describedby="caption-attachment-136" class="wp-image-136 size-full" title="schweighofen-lauter1" src="http://asv-petriheil-bza.de/wp-content/uploads/schweighofen-lauter11.jpg" width="640" height="150" srcset="https://asv-petriheil-bza.de/wp-content/uploads/schweighofen-lauter11.jpg 640w, https://asv-petriheil-bza.de/wp-content/uploads/schweighofen-lauter11-300x70.jpg 300w" sizes="auto, (max-width: 640px) 100vw, 640px" /></a><p id="caption-attachment-136" class="wp-caption-text">Die Lauter</p></div>
<p style="text-align: justify;">Der Verein hat im Moment die Flussstrecke von der Bienwaldmühle bis zur Ziegelhüttenbrücke und von der Remiebrücke (hinter Sportplatz Schweighofen) bis Altenstadt Grenzaun Frankreich gepachtet. Zu beachten sind unterschiedliche Schonzeiten der einzelnen Abschnitte:</p>
<p>Bienwaldmühle bis Ziegelhüttenbrücke,sowie Remybrücke bis 400 Meter Stromabwärts Fischen ist erlaubt vom 16. Juli bis 14. Oktober.</p>
<p>Altenstadt Grenzzaun bis  Remybrücke, Lauter abwärts. Fischen ist erlaubt vom 16. März bis 14. Oktober</p>

<p>Derzeit bewirtschaftet der Verein zwei Gewässer: Der See beherbergt einen großen Weißfischbestand sowie zahlreiche Karpfen. Aber auch alle anderen Fischarten sind vertreten so das auch ein Ansitz auf Hecht, Zander oder Aal erfolgversprechend sein kann. Der Verein hat im Moment die Flussstrecke von der Bienwaldmühle bis zur Ziegelhüttenbrücke und von der Remiebrücke (hinter Sportplatz Schweighofen) [&hellip;]</p>
